e the remainder when 8007 is divided by 14.
13
Calculate the remainder when 5344767 is divided by 36.
27
What is the remainder when 15854 is divided by 3681?
1130
What is the remainder when 7189467 is divided by 666?
663
What is the remainder when 253899799 is divided by 501?
13
What is the remainder when 1963337 is divided by 3622?
213
Calculate the remainder when 284655 is divided by 4989.
282
Calculate the remainder when 710276 is divided by 413.
329
Calculate the remainder when 3697451 is divided by 34.
19
What is the remainder when 2189545 is divided by 27?
7
What is the remainder when 10344441 is divided by 3?
0
Calculate the remainder when 8406045 is divided by 1176.
1173
Calculate the remainder when 877278 is divided by 291588.
2514
What is the remainder when 721960 is divided by 36096?
40
Calculate the remainder when 169681 is divided by 1600.
81
Calculate the remainder when 62550429 is divided by 4899.
4896
Calculate the remainder when 460334148 is divided by 9247.
9241
What is the remainder when 9940 is divided by 493?
80
Calculate the remainder when 379170 is divided by 126387.
9
What is the remainder when 652884 is divided by 165?
144
What is the remainder when 1572980 is divided by 394?
132
What is the remainder when 8917117 is divided by 13911?
166
Calculate the remainder when 70169149 is divided by 206.
193
What is the remainder when 128156 is divided by 2979?
59
Calculate the remainder when 15432865 is divided by 15432863.
2
Calculate the remainder when 259710 is divided by 259645.
65
What is the remainder when 2197146 is divided by 146414?
936
Calculate the remainder when 50040411 is divided by 1303.
1302
What is the remainder when 10748 is divided by 5817?
4931
What is the remainder when 8384242 is divided by 932?
902
What is the remainder when 4914279 is divided by 40?
39
Calculate the remainder when 32123696 is divided by 12275.
21
What is the remainder when 3631537 is divided by 6229?
30
What is the remainder when 12078280 is divided by 545?
535
What is the remainder when 196775087 is divided by 752?
751
Calculate the remainder when 565092 is divided by 231.
66
What is the remainder when 156762 is divided by 5225?
12
Calculate the remainder when 73423489 is divided by 2053.
2050
Calculate the remainder when 15159 is divided by 1021.
865
Calculate the remainder when 166195 is divided by 5725.
170
What is the remainder when 1929414 is divided by 5528?
142
Calculate the remainder when 2492556 is divided by 2492548.
8
Calculate the remainder when 49668610 is divided by 142.
134
Calculate the remainder when 1523855 is divided by 963.
389
Calculate the remainder when 308090333 is divided by 368.
365
What is the remainder when 186019 is divided by 19?
9
What is the remainder when 3263222 is divided by 2064?
38
Calculate the remainder when 4461802 is divided by 11589.
37
What is the remainder when 594168 is divided by 141?
135
Calculate the remainder when 4534905 is divided by 1511633.
6
Calculate the remainder when 18379594 is divided by 20.
14
Calculate the remainder when 4787020 is divided by 239350.
20
Calculate the remainder when 829548 is divided by 2236.
2228
What is the remainder when 1699711 is divided by 64?
63
Calculate the remainder when 1070956 is divided by 27.
1
What is the remainder when 196559 is divided by 543?
536
What is the remainder when 63719329 is divided by 9204?
37
What is the remainder when 1494007 is divided by 746995?
17
What is the remainder when 190724 is divided by 5445?
149
What is the remainder when 421490985 is divided by 129?
126
Calculate the remainder when 84549 is divided by 3244.
205
What is the remainder when 626110 is divided by 144?
142
Calculate the remainder when 91796980 is divided by 21.
16
What is the remainder when 11642324 is divided by 831593?
22
What is the remainder when 346238 is divided by 94?
36
What is the remainder when 1250670 is divided by 15252?
6
Calculate the remainder when 5174857 is divided by 1724943.
28
What is the remainder when 582319 is divided by 9546?
13
Calculate the remainder when 103001866 is divided by 14714552.
2
What is the remainder when 1171934 is divided by 110?
104
Calculate the remainder when 7852801 is divided by 314109.
76
Calculate the remainder when 42228058 is divided by 210.
208
What is the remainder when 13015735 is divided by 159?
154
Calculate the remainder when 19515663 is divided by 474.
135
Calculate the remainder when 122296 is divided by 8699.
510
What is the remainder when 484795 is divided by 1869?
724
What is the remainder when 2729441 is divided by 19?
15
Calculate the remainder when 13814454 is divided by 495.
489
Calculate the remainder when 5365059 is divided by 60.
39
Calculate the remainder when 379059 is divided by 379026.
33
What is the remainder when 17281303 is divided by 979?
974
Calculate the remainder when 5768530 is divided by 103.
15
What is the remainder when 53646 is divided by 26753?
140
What is the remainder when 126727 is divided by 14944?
7175
Calculate the remainder when 2249400 is divided by 315.
300
Calculate the remainder when 171384 is divided by 516.
72
What is the remainder when 142094 is divided by 1845?
29
Calculate the remainder when 164079538 is divided by 36.
34
What is the remainder when 33196391 is divided by 216?
215
Calculate the remainder when 934781 is divided by 728.
29
What is the remainder when 36971078 is divided by 14?
4
Calculate the remainder when 101103 is divided by 7254.
6801
What is the remainder when 1026060342 is divided by 152?
150
Calculate the remainder when 172942 is divided by 56913.
2203
What is the remainder when 21869392 is divided by 2733670?
32
Calculate the remainder when 381228 is divided by 127064.
36
Calculate the remainder when 117341359 is divided by 1628.
3
Calculate the remainder when 191665626 is divided by 829.
826
Calculate the remainder when 84182264 is divided by 28060702.
158
What is the remainder when 10990870 is divided by 8?
6
What is the remainder when 40269111 is divided by 391?
21
Calculate the remainder when 989896 is divided by 97.
11
Calculate the remainder when 27428 is divided by 857.
4
Calculate the remainder when 3701465 is divided by 925337.
117
What is the remainder when 344146 is divided by 167258?
9630
What is the remainder when 63056 is divided by 12389?
1111
What is the remainder when 137976 is divided by 133440?
4536
What is the remainder when 10158461 is divided by 406338?
11
Calculate the remainder when 11923392 is divided by 3974432.
96
What is the remainder when 35727208 is divided by 15?
13
Calculate the remainder when 767443 is divided by 563.
74
Calculate the remainder when 139310782 is divided by 24.
22
What is the remainder when 293513948 is divided by 227?
224
Calculate the remainder when 11149033 is divided by 2229805.
8
What is the remainder when 13000101 is divided by 6055?
16
What is the remainder when 1555877 is divided by 23220?
137
Calculate the remainder when 211252 is divided by 17603.
16
What is the remainder when 185889 is divided by 36825?
1764
Calculate the remainder when 1340355 is divided by 140.
135
Calculate the remainder when 95548 is divided by 2730.
2728
Calculate the remainder when 246427 is divided by 4765.
3412
Calculate the remainder when 4841486 is divided by 201.
200
What is the remainder when 449643 is divided by 149772?
327
What is the remainder when 910997 is divided by 910899?
98
Calculate the remainder when 28182 is divided by 9111.
849
Calculate the remainder when 12142808 is divided by 2948.
2944
Calculate the remainder when 256280 is divided by 251647.
4633
What is the remainder when 10732221 is divided by 3577384?
69
Calculate the remainder when 920764 is divided by 306795.
379
What is the remainder when 338569 is divided by 1659?
133
Calculate the remainder when 1004267 is divided by 562.
535
Calculate the remainder when 1093572 is divided by 404.
348
What is the remainder when 260523 is divided by 260514?
9
What is the remainder when 251144 is divided by 2884?
236
What is the remainder when 3728987 is divided by 277?
13
What is the remainder when 106465 is divided by 21231?
310
What is the remainder when 115255398 is divided by 457?
455
Calculate the remainder when 260796 is divided by 